Let c(w) = 4 - w**2 - 1 + 2 + 4*w. Let y(m) = 3 + 0*m**2 - 6*m**2 + m**2 - 3*m + 7*m**2. Let z be y(2). Give c(z).
0
Let z(v) be the third derivative of v**5/60 - v**4/8 - 7*v**3/6 - 1347*v**2. Determine z(5).
3
Let h(m) be the third derivative of m**5/60 + m**4/2 - 2*m**3/3 + 900*m**2. Give h(-11).
-15
Suppose 122*p = 3*p - 2717 + 218. Let a(o) = -2*o - 25. Give a(p).
17
Suppose -i = -2*t + 9 - 3, -3*i + 10 = t. Let p(v) = -18*v - t - 2 - 14*v + 33*v. What is p(-10)?
-16
Let x(z) = z**3 + 3*z**2 + z - 5. Let n(q) = -q**3 - 2*q**2 - q + 5. Let y(i) = -3*n(i) - 2*x(i). Determine y(-2).
-15
Let j(k) be the third derivative of k**4/6 - 5*k**3/6 + 403*k**2. Give j(-11).
-49
Let c(m) be the second derivative of -1/3*m**4 + 0 + 3*m**2 - 37*m + 1/20*m**5 - m**3. Suppose -31 = -3*g + 4*x, -5*g - x + 37 = -4*x. What is c(g)?
1
Let g be -2*18/(-84) - 25/(-7). Suppose g = -2*k + 8. Let r(c) = 5*c - 3*c - 11 - c - k*c. Calculate r(-6).
-5
Suppose 0*x = 5*p - 3*x + 15, -50 = 5*p + 4*x. Let k be 17*(-25)/15*-3. Let l(a) = k - 260 + 85 + a + 86. Calculate l(p).
-10
Let z(c) = 2*c**3 - c**2 - 2*c. Let j be 3 - 1 - -2 - -32. Let v = 40 - j. Suppose r - 5*r + v*i + 12 = 0, -3 = 3*i. Give z(r).
8
Let d = -5 - -8. Let a(t) = 5*t**2 + 0 - d*t**2 + 0. Suppose -y + 3*r - 14 = 0, r - 5 - 3 = -3*y. Give a(y).
2
Let v(w) be the first derivative of -2*w**4 - 1/3*w**3 + 0*w**2 + w + 166. Give v(1).
-8
Let m(l) = l**2 + 19*l + 6. Let z(y) = -3*y**2 - 54*y - 17. Let a(v) = 24*v**2 - 118*v + 7. Let j be a(5). Let k(h) = j*m(h) + 6*z(h). Calculate k(-2).
-2
Let v(w) be the third derivative of w**7/2520 - w**6/80 + 211*w**4/24 + 5*w**2 - 18. Let k(j) be the second derivative of v(j). Calculate k(9).
0
Let l(m) be the third derivative of m**7/840 + m**4/24 - 83*m**3/6 + 6*m**2 - 5. Let h(k) be the first derivative of l(k). Determine h(0).
1
Let d be ((-7)/(-21))/((-2)/6*(-7)/(-42)). Let i(c) = 5*c - 5. What is i(d)?
-35
Let a(r) = 2*r**3 + 4*r**2 - 3*r. Let z(c) = 156*c + 314. Let j be z(-2). Calculate a(j).
26
Suppose -48717*l + 48712*l = 0. Let b(a) be the third derivative of -10*a**2 + 0*a - 1/12*a**4 + l - 1/6*a**3. Give b(4).
-9
Let t(n) = -385*n - 59 + 63 - 384*n + 777*n. Determine t(-1).
-4
Let m be ((-200)/70 - -4)/((-2)/7). Let q(k) = 35*k**2 - 21*k**2 - 13*k**2 - 2 + 6*k. What is q(m)?
-10
Let r = -169 - -187. Let y(g) = -6 - r + 3*g + 5. Give y(8).
5
Let p(j) be the first derivative of 7*j**2/2 - 28*j - 2980. Determine p(-9).
-91
Let d = 4573 + -4571. Let r(h) = h. Let y(f) = -6*f - 1. Let g(u) = 2*r(u) - y(u). What is g(d)?
17
Let s(d) be the third derivative of d**4/24 - 11*d**3/2 + 32*d**2 - 2. Let p(i) = 2*i - 66. Let w(k) = -3*p(k) + 7*s(k). Calculate w(0).
-33
Let l(i) be the third derivative of -1/12*i**4 + 1/2*i**3 - 1/60*i**5 - 21*i**2 + 0 - 3*i. Suppose 0*v + 18 = 6*v. Give l(v).
-12
Suppose -6*f = 4*r - 5*f + 19, -r + f = 1. Let j be (112 + -111)/(1/r). Let g(i) = -i**2 + 6*i + 2. Give g(j).
-38
Let s(w) be the third derivative of -w**6/120 - w**5/20 + w**4/6 + w**3/6 - 42964*w**2. Suppose u + 0 + 4 = 0. What is s(u)?
1
Let a be (27/(-6))/((-12)/32). Let n(u) = 8*u + 4*u + 21 - 9 + 347*u**2 - 348*u**2. What is n(a)?
12
Let o(u) = -3*u**2 + u. Let i(f) = -5*f**2 - 7*f + 7. Suppose -24*x + 11*x - 13 = 0. Let l(d) = x*i(d) + 2*o(d). Give l(6).
11
Let q(n) = 4*n + 6. Let h be (-8)/(-52) + 3748/(-26). Let j = h + 141. Give q(j).
-6
Let d(j) be the first derivative of j**4/4 - 5*j**3/3 - 17*j**2/2 + 28*j - 1048. Calculate d(7).
7
Suppose -u = 7 + 4. Let d = 1 - u. Let r(g) = -10*g + d*g + 16 - 16. Give r(4).
8
Let i(v) = -1880*v**2 + 10 + 17*v + 5*v**3 - 2*v**3 - 4*v**3 + 1864*v**2. Determine i(-17).
10
Let k = 220 + -188. Let y be (k/6 - -1) + 93/(-279). Let f(m) = m - 10. What is f(y)?
-4
Let h(r) = 15*r - 124. Let n(b) = -5*b + 41. Let g(x) = 4*h(x) + 14*n(x). Let t(a) = a - 10. Let u(z) = g(z) + 8*t(z). Suppose 4*s = s + 12. Determine u(s).
-10
Let q(t) = 18*t**3 + 25*t**2 - 33*t - 24. Let d(l) = -4*l**3 - 5*l**2 + 8*l + 6. Let w(n) = 13*d(n) + 3*q(n). Calculate w(-4).
18
Let c(s) = 4*s + 2. Suppose 0 = -b - 4*b - 5, 571 = 3*h - b. Let g = h + -192. Calculate c(g).
-6
Let d = -30 - -32. Suppose 5 = d*u - 5. Let k(n) be the second derivative of n**4/12 - n**3/2 + n**2/2 - 3*n - 28. What is k(u)?
11
Let k = -56671 + 56666. Let z(m) be the second derivative of -m**3/2 + 3*m**2/2 + 4*m. Calculate z(k).
18
Let v(a) = -16*a - 422. Let n be 9 - (12 + 11) - 12. What is v(n)?
-6
Let v = -2791 + 2800. Let w(m) = 4*m - 15. Calculate w(v).
21
Let y(b) = b**3 - 5*b**2. Suppose 5*d + 23 = -3*x + 5*x, -x = -d - 7. Let k = x - -11. Suppose -9*j = -12*j + k. Give y(j).
0
Let m(s) = -3*s - 16. Let p(y) = 170*y**2 - 1186*y - 11. Let q be p(7). Determine m(q).
-67
Let y(g) = g**2 + 11*g - 8. Let i = 1239 - 1238. Let w(c) be the first derivative of -c**2/2 + c - 1. Let a(u) = i*y(u) + 5*w(u). What is a(-6)?
-3
Let p = -370 - -388. Let o(b) = -b + 21. Calculate o(p).
3
Let d be (1/(-12) - (-57)/(-228))*-3. Let o(q) = 44*q**3 - q**2 + q. Determine o(d).
44
Let v(q) = -q + 8. Let w(x) = 5*x - 61. Let n(p) = 7*v(p) + w(p). Let y = -11 - -13. What is n(y)?
-9
Let c(t) = -4004*t + 5 - 2 - 2 + 13 + 4009*t - t**2. Calculate c(7).
0
Let d(a) = 73*a**2 - 5*a - 15. Let h be d(0). Let j(o) = o**2 + 18*o + 16. Calculate j(h).
-29
Let b(p) be the third derivative of -p**4/12 + p**3/2 - 1564*p**2. Give b(3).
-3
Suppose -2*p + 12 = 0, -5*p + 24 = 4*g + 6. Let t(b) = -b**3 + 2*b + 7. Determine t(g).
28
Let v(q) = -4*q**2 + 0*q**2 + q + 3*q**3 - 4 - 4*q**3. Let a be 2/(-1)*4/(-8) - -2. Suppose -3*t + 23 = -5*j, -2*t = a*j - 7*t + 17. Calculate v(j).
-8
Suppose 20*r - 17*r = -21. Let o(p) = -3 + 234*p - 235*p - 7. Give o(r).
-3
Let y(f) = 20*f - 1. Let j = 476 - 480. Let a be j + 238/63 - 120/(-54). Calculate y(a).
39
Let m(b) = -13*b**3 - 7*b**2 - b + 2. Let x(g) be the third derivative of g**5/30 + g**4/24 - g**3/6 + 2*g**2 - 25*g. Let y(q) = -m(q) - 3*x(q). Determine y(1).
13
Let j(l) = 2*l + 5. Suppose 3*f + 4*f = 0. Suppose f = -4*k, -2*k = -5*b - 0 + 10. Let d = -6 + b. What is j(d)?
-3
Let k(v) = -2*v + 388 + 9*v - 283 - 16*v. Calculate k(14).
-21
Suppose a + 5*j - 22 = 0, 5*j - 96 = -3*a - 0*j. Suppose -19*i - a = -18*i. Let h = i + 29. Let t(o) = o**3 + 9*o**2 + 6*o - 10. Calculate t(h).
6
Let f = -53 + 68. Let t be (12/15)/(3/f). Let p(l) be the second derivative of -l**4/12 + l**3/2 + 3*l**2/2 - 3*l + 1. What is p(t)?
-1
Let u(n) = n + 1. Suppose -2*v = -3*z - 35, -3*z - 65 = -0*z + 4*v. Let i be ((-6)/z + -1)*5. Let q(k) = 5*k + 2. Let t(y) = i*q(y) + 6*u(y). What is t(-1)?
9
Suppose -5*m + 14 = -4*s, -3*m + 1 = s + 4*s. Let u(r) = -m*r + 4*r - 3*r + 4*r - 4*r. Suppose 1 = -d + 10. Calculate u(d).
-9
Let o(d) = -2*d**3 + 2*d**2 - 1. Let r = 299 - 215. Let k = r + -85. Calculate o(k).
3
Suppose 4*c + 34 = 2. Let o(y) = 25*y + y**2 + 15 - 12*y + 17*y**2 - 11*y**2. Let j(f) = -3*f**2 - 7*f - 7. Let p(l) = -5*j(l) - 2*o(l). What is p(c)?
-3
Let s be 15/5 - ((-2)/(-8))/(17/(-612)). Let c(m) = 2*m**2 - 21*m - 26. Calculate c(s).
10
Let o(a) = a + 8. Suppose -4*t = -20, 5*q + 140 = 4*q + t. Let j = -135 - q. Give o(j).
8
Let x(s) = -2. Let o(v) = -v**2 - 31*v - 79. Let l be o(-28). Let z(h) = -h - 9. Let p(d) = l*x(d) - z(d). Let c be (8/(-3))/(1/(-3)). Determine p(c).
7
Let r(g) = 1 - 2*g - 13 - g. Let i be r(-6). Let l(u) = -u**3 - u - 1. Let f(o) = 2*o**3 + 6*o**2 + 4*o - 4. Let n(p) = -f(p) - 3*l(p). What is n(i)?
1
Let z(d) = d**3 + 16*d**2 - 20*d + 101. Let q(o) = -o**3 - 12*o**2 + 20*o - 84. Let m(u) = 6*q(u) + 5*z(u). Suppose 11 = 2*y - 9. Determine m(y).
1
Let a(d) = -32*d**3 + 37*d**2 - 55*d - 41. Let i(h) = 55*h**3 - 62*h**2 + 92*h + 68. Let g(t) = -12*a(t) - 7*i(t). Calculate g(-11).
-39
Let u(w) = -4*w**2 + 4*w + 9. Let k = 28390 - 28393. What is u(k)?
-39
Suppose 111*f - 2081 = -749. Let s(v) = -v**3 + 13*v**2 - 9*v - 28. Give s(f).
8
Let c(d) = -d**3 + 35*d**2 + 75*d - 29. Let h = -23481 - -23518. Give c(h).
8
Let h be (-72)/(-48)*(4*-1)/(-2). Suppose -k = -5*g + 2*g - 18, 5*g + 34 = h*k. Let f(q) = -q + 3. Give f(k).
0
Let l(h) = -h - 1. Suppose d = 3*d - 12. Let w(x) = x**2 + 6*x + 7. Let a(j) = d*l(j) + w(j). Let o be 2/(-7) + (-24)/(-84). Give a(o).
1
Let p(r) = -r**3